. What is the units digit of d?
7
Let x = 151 + -152. What is the units digit of 5*x*1479/(-85)?
7
Suppose 2*n = 57009 + 53770 + 40249. What is the ten thousands digit of n?
7
Suppose -h - 4 = -3*h. Suppose -h*f + p + 13 = 0, 4*f = 3*p - 9 + 36. Suppose -2*d + 4 = 2*l - 14, 2*l = -5*d + f. What is the units digit of l?
3
What is the units digit of (-270)/((-90)/6) + 29570?
8
Suppose 0 = -2*q - 2*o + 81700, 2*q = -q - 5*o + 122560. What is the thousands digit of q?
0
Let y(m) = 15*m**2 + 22*m - 15. What is the thousands digit of y(-15)?
3
Let p be 2 + 5 + (-8)/1. What is the thousands digit of p/8*-12 + (-8772)/(-8)?
1
Let b(m) = m**3 - m**2 - 14*m - 19. Let o be b(-4). What is the units digit of (o + 47)/(2/401)?
2
Let d be 23680/(-16)*(-1 - (-1)/5). Let j = d - 575. What is the units digit of j?
9
Let j(m) = m**2 - 4*m + 2. Let d be j(3). What is the hundreds digit of ((-11775)/(-125))/(d/(-5))?
4
Let f(p) = 1425*p - 1557. What is the units digit of f(5)?
8
Let n = -367 - -1767. What is the thousands digit of n?
1
What is the thousands digit of (-49286)/(-10) + (-1 - 105/(-75))?
4
Let a(h) = -8*h**2 + 4*h - 1. Let k be a(-5). Let m = 119 + k. Let o = m + 214. What is the hundreds digit of o?
1
Let t(a) = 3*a**2 - 6*a + 89. Let j be t(-12). Suppose -3*c = -7*c - 4, 5*c = -2*b + j. What is the hundreds digit of b?
2
Suppose -30 = -3*w + 7*w + 2*p, 4*w + 48 = 4*p. Let s(u) be the third derivative of -5*u**4/24 + 2*u**3/3 + 4*u**2. What is the units digit of s(w)?
9
Let x = 557 + -552. Suppose 8*k - 346 = -3*y + 9*k, -225 = -2*y - x*k. What is the tens digit of y?
1
What is the units digit of (-1056)/440*79535/(-6)?
4
Suppose -2*n - 50 = i, -4*i + 42 = -2*n + 262. Let s = 30 + -81. What is the units digit of (s/(-6))/((-3)/i)?
3
Let q(r) = 2*r**3 - 11*r**2 + 10*r. Let i be q(4). What is the tens digit of (1 + i)*(-110 + 13)?
7
Suppose 118*p - 130*p + 49740 = 0. What is the hundreds digit of p?
1
Let j(p) = 16*p**2 + 20*p - 359. Let n(u) = 11*u**2 + 13*u - 240. Let z(o) = 5*j(o) - 7*n(o). What is the hundreds digit of z(12)?
4
Let p(r) = r + 19. Let o be p(-7). Let k be (-4)/(o/(-9)) - -1. Suppose -5*x = 5*f - 540, -k*x = -4*f - 0*x + 440. What is the hundreds digit of f?
1
Let x = -148 + 465. Let m = 485 - x. What is the units digit of m?
8
Let c(r) = 11*r + 47. Let p be c(-5). Let n(l) = -l**3 - l**2 + 14*l + 23. What is the units digit of n(p)?
9
Suppose 25*m + 5*m - 68470 - 21710 = 0. What is the tens digit of m?
0
Let s(c) = -804*c - 25. Let b be s(-2). Let l = b + -543. What is the thousands digit of l?
1
Let h = -40656 + 66300. What is the units digit of h?
4
Suppose -2*i = -2*s - 5*i + 21, 39 = 3*s - 3*i. Suppose -s*f + f = -4994. What is the tens digit of f?
5
Let s(j) = j**3 + 17*j**2 + 16*j + 27. Let p = 18 + -32. Let b be s(p). Let r = b + -179. What is the units digit of r?
2
Let m = -253 - -253. Suppose m = 3*k + 5*r - 2143, -842 = -2*k - 2*r + 584. What is the tens digit of k?
1
What is the thousands digit of 852396/(-1255)*5/(-3)?
1
Let t(u) = -u**2 - 12*u + 16. Let a be (-4 - -4)*3/9*-1. Suppose -5 + 4 = -3*h + 5*s, a = h + 3*s + 23. What is the tens digit of t(h)?
4
Suppose 2*b - 8294 = 15*b. Let z = 609 - b. What is the thousands digit of z?
1
Let z be (30/8)/(1/(-4)). Suppose -2*c - 2*t + 324 = 0, -38 = c - 2*t - 194. What is the units digit of (9/(-2) + 0)/(z/c)?
8
Let g(i) = 3*i**2 + 225*i + 6653. What is the tens digit of g(-27)?
6
Let c be (-4 - 0)/(-4) - 1. Suppose c = -i - 0*i + 3. Suppose 2*d - 12 = -2*d, i*d = 4*n - 583. What is the hundreds digit of n?
1
Let f = 91 - 60. Suppose 2340 = f*q - 11*q. What is the units digit of q?
7
Let k = -11853 - -19886. What is the units digit of k?
3
Let c(u) = 29*u**3 - u**2 - 8*u - 6. Let t(w) = w**3 - 8*w**2 + 8*w - 4. Let x be t(7). What is the hundreds digit of c(x)?
7
Suppose 231*h + 21723 = 3*l + 235*h, -2*h - 21723 = -3*l. What is the units digit of l?
1
What is the units digit of 14165 - ((-4)/(8/24*-4) + -4)?
6
Suppose -w = -3*f - 5539, 5*f - 3*w - 296 = -9533. Let y = f + 2624. What is the units digit of y?
9
Let m = 329 + -224. Let b be (-16)/(-5)*m/(-6). Let k = -3 - b. What is the tens digit of k?
5
Let x(l) = 13*l**3 - 3*l**2 - 2*l - 3. Let i be x(-2). Let g be 2/(-4) - (-1668)/8. Let m = g + i. What is the units digit of m?
3
Suppose 8*u = -4 - 148. Let q(t) be the first derivative of 2*t**3/3 + 27*t**2/2 - 33*t - 1. What is the hundreds digit of q(u)?
1
Let l be (-3 - (2 - 3))*(-14)/4. Let b be (10/(-35))/(-1) - (-2679)/l. Suppose -2*a + 380 = 3*y, 5*y + 5*a - b = 2*y. What is the units digit of y?
6
Let o = -47 - -50. Let j be 7 - (-5 + o/1*1). What is the units digit of 672/j - (-3)/9?
5
Suppose -48*n - 6 = -49*n. Suppose -4*c = 2*l + 6, n*l - 3*l - 23 = 2*c. Suppose 4*m = -4*o + 212, -l*o + m = -m - 293. What is the units digit of o?
7
Let o(a) = -2*a + 97. Let b(k) = 3*k. Let s(z) = -6*b(z) - 2*o(z). What is the hundreds digit of s(-35)?
2
Suppose -g + 5*g + d = 3, 0 = g - 5*d + 15. Let y be (-3 + 3 + g)*(-4)/(-4). Suppose 4*x = -4*h + 696, y = -3*h - 0*x - 4*x + 517. What is the tens digit of h?
7
Let w be 330/(-18)*1 - 1/(-3). Let v be 4*(-1)/w + 320/18. Suppose 0 = -2*b + 472 + v. What is the hundreds digit of b?
2
Let l(n) = 5*n**3 + 45*n**2 - 709*n - 9. What is the units digit of l(14)?
5
Let c be -3 + 23/7 - (-1948)/(-7). Let b(m) = 17*m + 540. Let f be b(0). Let d = f + c. What is the units digit of d?
2
Suppose 2*d + 14 = 18. What is the units digit of ((-1 - -3)*2)/(d/163)?
6
Let k be (-30)/4*(-168)/20. Suppose k*s - 62*s = -6. Let c(n) = -18*n - 1. What is the hundreds digit of c(s)?
1
Let v = -1 - -1. Suppose -104*d = -61 - 1395. Suppose 2*y - 84 - d = v. What is the tens digit of y?
4
Suppose 1035*h + 2608659 = 1114*h. What is the ten thousands digit of h?
3
Let g(l) be the first derivative of -39*l**2/2 - 40*l + 83. What is the hundreds digit of g(-17)?
6
Let j = -9854 + 65921. What is the units digit of j?
7
Suppose -189728 = -43*v + 248915. What is the ten thousands digit of v?
1
Let m(b) be the third derivative of 11*b**4/6 + 6*b**3 - b**2 - 14. What is the units digit of m(9)?
2
Let t be (-9 - -7)*2/(-2)*1. Suppose -4*j + 212 = -k - 3*k, t*j = -2. Let n = k - -173. What is the tens digit of n?
1
Suppose -2*b + 4*b + 35 = 5*z, 2*z - 3*b - 25 = 0. Suppose 3*o = z*o - 5*x - 821, 0 = o - 5*x - 408. What is the hundreds digit of o?
4
Suppose 5*n + 5*u = 2330, -2*n + 14*u = 13*u - 944. Let g = n + -123. What is the hundreds digit of g?
3
What is the units digit of 7420/(-98)*(-76 - 1)?
0
Suppose -s - 7*k = -12*k - 36503, -3*s - 4*k + 109509 = 0. What is the ten thousands digit of s?
3
Let m(f) = f - 34 + 3*f + 47*f**2 - 15*f**2 + 7*f**2 - 2. What is the thousands digit of m(-6)?
1
Suppose -5*j - p + 61365 = 0, -37*p + 35*p = 0. What is the ten thousands digit of j?
1
What is the thousands digit of 11105440/432 - (-14)/(-378)?
5
Suppose 5*i = -l + 6, -6 + 1 = -5*l. Let w be (3 - i) + 200/1 + -2. Suppose 222 = 201*a - w*a. What is the tens digit of a?
2
What is the hundreds digit of -493*(27 - 20)*8*-1?
6
Suppose -74*d = -56*d - 200772. What is the ten thousands digit of d?
1
Let t = 2102 - 652. Suppose -4*u = 4*c + 886 - 6718, 0 = u - c - t. What is the tens digit of u?
5
Let h(d) = d**3 - 11*d**2 - 10*d + 7. Let u = -142 - -155. What is the units digit of h(u)?
5
Let b(c) = 2*c - 42. Let n be b(13). Let f be n/72 + (-2830)/(-18). Suppose -3*t + f - 64 = 0. What is the tens digit of t?
3
Let q = -100 - -102. Suppose 2*p - j = 3*j - 14, q*j - 11 = 5*p. Let w(i) = 175*i**2 + i - 2. What is the tens digit of w(p)?
7
Suppose -7*v + 2*v + 10 = 0. Suppose 0 = -v*h - j - 2*j + 25, -h + 5*j - 20 = 0. Suppose 2*a - f - 539 = 0, 0*a + 2*a - 543 = h*f. What is the units digit of a?
9
Suppose 0*c + 6*c + 6 = 0. Let m be (-1 + -4 + 0)/c. Suppose -107 = -2*k - 4*z - 15, m*z = 2*k - 119. What is the tens digit of k?
5
Let l(b) = -268*b + 2893. What is the tens digit of l(-21)?
2
Let g(u) = -u**3 + 20*u**2 - 16*u - 25. Let z be g(19). Suppose l + 14 = 1. Let a = l + z. What is the units digit of a?
9
Let f(q) = 3*q**3 - 19*q**2 - 5*q + 4. Let h(p) = 7*p**3 - 39*p**2 - 8*p + 9. Let n(i) = -9*f(i) + 4*h(i). What is the tens digit of n(-5)?
8
Suppose -3*w + 4 = w, w =